t = -5*a - 59, 3*t - 253 = -4*a. Is t a prime number?
True
Let b(x) = 14975*x + 339. Is b(22) a composite number?
False
Let n be (-3)/(-2) + 8391/6. Suppose -2*h + 751 - 4037 = 4*l, -l - 2*h - 829 = 0. Let j = n + l. Is j a composite number?
True
Suppose 13602 = -164*i + 166*i. Suppose 17*t + i = 20*t. Is t composite?
False
Suppose 181773 + 155162 = 5*m + 3*f, -202161 = -3*m + f. Is m a prime number?
False
Suppose -63*y + 3991348 + 22063211 - 2219328 = 0. Is y a composite number?
True
Let g = 534908 + 332553. Is g prime?
False
Let q(k) = 495*k**2 - 44*k + 61. Is q(30) composite?
True
Let f be (-4)/(-18) - (-575620)/(-153). Let u = f + 12115. Is u composite?
False
Suppose 393609 = 3*b - u - 302857, -3*b + 696480 = -3*u. Is b composite?
False
Let x(m) = 509*m**2 + 41*m + 23. Is x(38) a composite number?
False
Suppose 2*y + 6 = -l - 0*l, -5*l - 4*y = 0. Suppose 0*r - 2*r = -3*h + 10537, -4*r = l*h - 14036. Is h composite?
False
Let w(b) = 10*b - 8*b - b**2 + 12*b + 5. Let h = -21 + 29. Is w(h) composite?
False
Let f = -43 - -43. Suppose f = -11*j + 3*j - 104. Is 3 - (-3 + 16*j) a prime number?
False
Let w(x) = 857*x**2 + 27*x - 210. Is w(8) prime?
False
Let o(r) be the third derivative of r**6/120 + r**4/3 - 13*r**3/6 - 2*r**2. Let s be o(7). Suppose 0 = 6*v - 2*v + 5*g - 776, -3*g = 2*v - s. Is v prime?
True
Let k(z) = -4*z**3 + 11*z**2 - 21*z - 139. Is k(-27) a prime number?
True
Let i(b) = 246*b**2 - 80*b + 383. Is i(-18) a composite number?
False
Let a(h) = -929*h**3 - 3*h + 2*h + 1 + 0 - 2*h**2. Suppose 5*n + w + 6 = 5, -3*n - 15 = -3*w. Is a(n) a prime number?
True
Suppose -3*s - 82*h + 1971846 = -81*h, -3*s = -2*h - 1971837. Is s composite?
False
Suppose 10*y - 1102 = -f + 12*y, 2*f = -y + 2204. Let q(u) = -u - 2. Let l be q(-7). Suppose 2*r - 485 = 3*n + 617, -2*r = l*n - f. Is r a composite number?
True
Let l(j) = -1869*j - 864*j - 43 - 457*j. Is l(-3) a prime number?
False
Let v = 268 - -123. Suppose -3*t = -5*f - 1317, -2*f - f = 2*t + 794. Let x = v + f. Is x a prime number?
True
Let y be (-40539)/4 + 6/8. Let u = y + 18847. Is u prime?
True
Suppose l + 3 = 0, -5*l = 4*k - 2*l + 69. Is 633/(-2)*10/k composite?
False
Let p = -14982 - -46289. Is p a composite number?
False
Let f(n) = 14*n**3 + 14*n**2 + n - 17. Let a be f(10). Let x = -7648 + a. Is x a composite number?
True
Let o(h) = 954*h - 347*h + 942*h + 31 - 179*h. Is o(2) composite?
True
Let b be 0 + ((-1 + 1)/2)/1. Suppose b = -21*q + 26793 + 62268. Is q a composite number?
False
Suppose -w - 5*j - 6 = 5, -5*w = -3*j - 57. Let c = 94 - -276. Suppose -6949 + c = -w*f. Is f a prime number?
False
Let q(z) = -617*z + 46. Let r be q(-3). Suppose -8*b = -11*b - 2*u + r, -2*b + 1290 = -5*u. Is b prime?
False
Let s = -7 + 10. Suppose s*o - 120 = -d, 0 = -o - d + 54 - 16. Let x = o - 34. Is x composite?
False
Suppose j - 10 + 4 = 0. Suppose -j*q - 2*q = -4504. Let i = q + -312. Is i a prime number?
True
Let q(k) = -360*k - 23. Is q(-1) composite?
False
Let g = 89535 - -143660. Is g a prime number?
False
Let h = 12403 - -43063. Is h a prime number?
False
Let q(h) = h**3 + 4*h**2 - 11*h + 10. Let w be q(-6). Suppose w*k = -2*k + 870. Is k composite?
True
Suppose -166 = -3*o + 425. Suppose -14*q = -54*q - 30240. Let v = o - q. Is v composite?
False
Suppose -3*k + j + 23 = 0, 3*k + j - 25 = -6. Suppose c = -5*m + 19 - 2, -m + c = -k. Suppose -m*f + 2525 = -711. Is f prime?
True
Suppose 369757 = 6*b - 1119947. Suppose 2619 = -35*k + b. Is k a composite number?
False
Let d(t) = -3*t**2 - 1 + 4 + 0*t - 4 - 29*t. Let r be d(-6). Let c = r - -56. Is c a prime number?
False
Suppose 22 + 18 = 5*a. Let f(p) = a*p + 17*p**2 + 6*p - 6*p + 5 + 11*p**2. Is f(6) composite?
False
Let b = -106 + 98. Is (-29562)/b + (-20)/16 prime?
False
Let b = 94 - 97. Let c be -2*2/6 + (-587)/b. Let o = 3068 + c. Is o a composite number?
True
Suppose -5*i = 3*y + 3974, 4*i - 3*i - 4*y = -781. Let g = 1984 - i. Is g prime?
True
Is (416675/14 - 99/11)*(0 + 2) composite?
True
Let c(y) = 1390*y**2 - 53*y - 26. Is c(-7) a composite number?
True
Let o(b) = b**2 - b - 18. Let x be o(4). Is 4/x + (-2)/((-30)/13615) a composite number?
False
Let s be (-2)/((-4)/(-12414))*2/(-6). Suppose -a - 6826 = -5*g + s, 5*g - 2*a = 8895. Is g a composite number?
True
Suppose 5*q - 2016 = -4*q. Suppose 743 = -223*v + q*v. Is v a prime number?
True
Let s = -146 + -4. Let k(v) = -v**2 + 23*v + 13. Let g be k(-4). Let j = g - s. Is j a composite number?
True
Suppose -5*h + 48 = 2*j - 42, 2*h - 37 = -j. Suppose -2*g + 3*b + 90495 = 0, 5*g - 226244 = -h*b + 17*b. Is g a composite number?
True
Let p be (-41701)/4 + 0 - (-15)/60. Let i = 70 - p. Is i prime?
False
Let s(q) = 10*q**2 + 17*q - 105. Is s(38) composite?
True
Let c = -28500 + 201749. Is c a composite number?
False
Suppose -16 = -7*g + 5. Suppose -g*s + 50 + 1279 = 0. Is s composite?
False
Suppose 27*i - 16*i - 2662 = 0. Suppose l - 118 = -h, 3*l = -2*h - l + i. Is h prime?
False
Let t = -305 + 308. Is ((-1)/(-3))/(t + 258276/(-86094)) a prime number?
True
Suppose -26 = -5*t - 6, -3*r = -t - 68. Is 32/r*(-15186)/(-8) prime?
True
Let h(z) = z**3 - 3*z**2 - 6*z + 33. Let p be h(7). Suppose -27034 = 180*r - p*r. Is r prime?
False
Suppose -9*y = -20*y + 638. Let t(l) = 95 + 3*l**2 - y + 3*l + 3*l. Is t(-7) a composite number?
True
Let v = -86 - -87. Let s be v/((6/36)/((-1)/(-3))). Suppose 7*o - 1475 = s*o. Is o a prime number?
False
Suppose -3*z = 5*c - 21, -z + 3 = c - 6. Suppose -z = -2*p - 0. Let b(a) = 21*a**2 - 15*a + 7. Is b(p) prime?
True
Let z = 24847 + -15924. Is z a composite number?
False
Suppose -2353 - 5211 = d + 2*a, -a = -5. Let b = -4761 - d. Is b composite?
True
Let x(r) = -r - 6. Let y be x(-11). Suppose -5*v + 4*v + 131 = 4*u, -4*v + 419 = -y*u. Suppose 5*p = 2*p + v. Is p prime?
True
Suppose -2 + 19 = 4*a - 3*k, -2*a - k + 21 = 0. Suppose -8806 = -a*m + 1002. Is m a composite number?
True
Let f = 34 - 29. Suppose 3*n + 0*p - p = 36508, -n = f*p - 12196. Is n a composite number?
True
Let a(z) = -z**2 - 1. Let r(t) = -7*t**2 + 4*t + 2. Let u(j) = 6*a(j) - r(j). Let c be u(-7). Is (c/(-12) - -5) + (-9694)/(-8) composite?
True
Let p(m) = 7*m + 54. Let w(j) = 7*j + 53. Let k(f) = -5*p(f) + 6*w(f). Let c be k(-6). Suppose -515 = y - c*y. Is y composite?
False
Let x = -3792 + 22579. Is x a composite number?
False
Let b(w) = 4*w**2 - 14*w - 13. Suppose 17 = -d + 18. Suppose 17 = -2*s - d. Is b(s) a composite number?
True
Is ((32/(-96))/(4/(-6)))/((-1)/(-33382)) prime?
True
Suppose 0 = -3*i - m + 157, 14*i = 12*i - 2*m + 110. Suppose -a + i*q = 56*q - 3336, -a + 3363 = -4*q. Is a a prime number?
False
Let b be (0 - -6)*(-291)/(-2). Suppose -4*g + 4*v - 1151 = -v, -3*v = -9. Let n = b - g. Is n a prime number?
False
Let f be 2*(9/15 - (-18)/45). Is (693055/55)/(f - 1) prime?
True
Suppose 38645 = 4*b + 9421. Let y = b - 3665. Is y composite?
True
Suppose 4*l + 4*h - 93296 = 0, -2*l + 31535 = -2*h - 15101. Is l composite?
False
Let n(t) = t**2 - 6*t + 2. Let h be n(6). Suppose -1854 = 5*x + 3*b - 7*b, -h*x - b - 739 = 0. Is (1 - -3)/((-20)/x) a composite number?
True
Let v(w) = -4*w + 134578. Is v(0) a composite number?
True
Let v(q) = 13*q**2 - 5*q - 4. Let r(z) = 14*z**2 - 5*z - 5. Let y = -20 + 26. Let x(j) = y*v(j) - 5*r(j). Is x(-5) a prime number?
False
Let j = 152618 - 87477. Is j a prime number?
True
Suppose 0 = -8*x - 432 + 2664. Let n(l) = -70*l + 2. Let a be n(3). Let f = x - a. Is f composite?
False
Suppose 371940543 = 104*m + 250*m + 177*m. Is m a composite number?
True
Let j(m) = 53*m**3 - 28*m**2 - 4*m + 48. Is j(5) composite?
False
Let k(u) = 11*u - 6. Let a be k(1). Suppose 444 + 6331 = a*g. Is g + 2 - (-6 + 2) a prime number?
True
Let y(g) be the third derivative of -65*g**4/4 + 5*g**3/3 + 12*g**2. Let x be y(-7). Let a = -407 + x. Is a composite?
False
Let f(x) = 4*x**2 + 6*x + 3. Let l be f(-10). Let b be (3/(-6))/(-1*(-4)/(-3888)). Let n = b - l. Is n composite?
True
Let k(u) = 2*u**2 - 58*u + 277. Is k(-77) a composite number?
True
Suppose 11*f - 14*f - 26994 = 0. Let i be f/(-6)*(6 - 0). Suppose 3323 = -5*y + i. Is y a prime number?
False
Let z = 67389 - 46912. Is z composite?
False
Let a = -56 + 56. Let l(d) = d**3 - 2*d**2 + d - 35. Let h be l(0). Is (-45